- l**4/6 - 2*l. Let r(y) be the third derivative of x(y). What is the units digit of r(1)?
5
What is the tens digit of 2/10*5 - -51?
5
Let h(t) = t**3 + 6*t**2 - 8*t - 3. Let q be h(-7). Suppose -19 = -2*m - 5*j, 5*j - 17 + q = m. What is the units digit of -1 - (-8 - m) - -2?
1
Suppose -618 - 214 = -4*x. What is the tens digit of x?
0
Let q(j) be the second derivative of 3*j**4/4 - j**3/3 - j**2/2 + 7*j. What is the units digit of q(-2)?
9
Suppose 0 = -2*j + j + 4*q + 64, 4*q = -20. Let l = -14 + j. What is the units digit of l?
0
Let o(b) = -2*b + b**2 - 3*b + 0*b**2 + 6. Suppose -2*h + 15 = h. What is the units digit of o(h)?
6
Suppose -z + 12 = -21. Let l = z - 19. What is the units digit of l?
4
Let h be ((-18)/(-30))/(2/10). What is the tens digit of (-6)/9 - (-86)/h?
2
Let g be (10 - 0)*(-2)/(-4). Let s be -1 - (2 + -18 + 1). Suppose 1 = g*t - s. What is the units digit of t?
3
Let z = -3 - -3. Suppose z = -2*c - 3*c + 135. What is the tens digit of c?
2
Let v = 81 - 53. What is the tens digit of v?
2
Let p be 4/10 - 296/(-10). Let y be ((-24)/30)/((-2)/p). Suppose 0 = 2*h - f - y, -2*h + 5*f = -7*h + 30. What is the units digit of h?
6
Let j = -156 + 429. What is the hundreds digit of j?
2
Let o(c) = c**2 + 5*c - 3. Let k be o(-6). Suppose -k*f = -4*i - 20, -4*f + 0*i + 4*i = -24. What is the units digit of f/6 + 20/6?
4
Suppose -3*h = -2*p - 151, h - 5*p + 12 - 84 = 0. What is the tens digit of h?
4
Suppose -2*q - q = 15. What is the units digit of (-30)/(1 + q/2)?
0
Let k = -86 + 139. What is the units digit of k?
3
Suppose -s + o + 21 = 0, s - 1 - 45 = -4*o. What is the tens digit of s?
2
Let x = -8 + 1. Let v = 13 + x. What is the units digit of v?
6
Let q be ((-15)/(-4) - 3)*32. Suppose h = -2*h + q. What is the units digit of h?
8
Suppose -3*w + 4*k - 48 = 0, k - 20 = 5*w + 60. Let p = w + 26. Let b = 22 - p. What is the tens digit of b?
1
Suppose 3*i - 116 = -4*t, 6*i - 2*i - 156 = -4*t. What is the units digit of i?
0
Let o be 18/4 + (-3)/6. Suppose -o*q = -10 - 6. What is the units digit of q?
4
Suppose -3*f + 8 = -1. What is the units digit of (8/f)/(6/9)?
4
Suppose -2*o + 75 - 25 = 0. Suppose 2*a = -a + 4*y + o, 3*y = a. What is the units digit of a?
5
Suppose 0*p - 3*p = -4*n - 507, 0 = p - 3*n - 174. What is the hundreds digit of p?
1
Let a(i) be the first derivative of i**6/360 + 7*i**5/120 + i**4/24 - i**3 + 3. Let s(c) be the third derivative of a(c). What is the units digit of s(-9)?
9
Let t(d) = -2*d - 5. Let r = -32 - -52. Suppose -r = 5*o - 0*o. What is the units digit of t(o)?
3
Let p = 2 + 2. Suppose 5*t + 15 = 0, -p*z = 4*t - 2*t - 66. What is the tens digit of z?
1
Let p(q) be the third derivative of -q**4/12 + 5*q**3/6 - 2*q**2. Let d be p(-4). Suppose d - 1 = 3*g. What is the units digit of g?
4
Suppose -5*w - 13 = -v, v + 4*w = -w + 63. What is the tens digit of v?
3
Suppose -4*s = -5*s + 21. Suppose 26 + s = o. What is the units digit of o?
7
Let x be (-3 + 2)/((-5)/(-30)). What is the tens digit of (x/5)/(6/(-120))?
2
Let n = -8 + 84. What is the tens digit of n?
7
Suppose 255 = 2*x - 361. What is the tens digit of x?
0
Suppose -2*h + 2*a = 4, -54 = -4*h - 5*a - 17. Let f(q) = -8 - 5*q + 3*q**2 + 4*q**h - q**3 - 2*q**3 + 3*q**2. What is the tens digit of f(-6)?
2
Let l = 335 + -233. What is the units digit of l?
2
Suppose 5*o - o - 20 = 0. Let w(a) = a**2 - 4*a - 3. What is the units digit of w(o)?
2
Let g = 6 - 6. Suppose 4*k + 8 - 28 = g. What is the units digit of k?
5
Suppose 492 + 73 = 5*q. Suppose -4*k = 2*i - 180, -k = -4*k + 4*i + q. What is the tens digit of k?
4
What is the tens digit of (18/2)/((-15)/(-20))?
1
Let d = -6 + 14. Let j be (-2)/(-2) + (-1 - -2). Suppose -4 - d = -j*y. What is the units digit of y?
6
Suppose l - 5*l = 0. Suppose l = -5*h - 5*x + 120, -x - x - 28 = -2*h. What is the tens digit of h?
1
Let r(a) = 2*a - 6. Suppose 5*i - 30 + 10 = 0. Suppose 0*h = -i*h + 32. What is the units digit of r(h)?
0
Let t(a) = -11*a**2 + 3*a - 1 + a**3 + 4*a**2 - 9*a. What is the tens digit of t(8)?
1
Suppose 5*j + 157 = -213. Let i = j - -125. What is the units digit of i?
1
Let c be 1/(-1)*1*-5. Suppose 3*i - c*k - 70 = -2*i, -2*i - 2*k = -16. What is the units digit of i?
1
Let s(k) = 7*k - 6. What is the tens digit of s(7)?
4
Suppose -2*q - 4 - 13 = w, 4*q = -w - 33. Let o = -4 - q. What is the units digit of o?
4
Let y(b) be the first derivative of 0*b - 1/3*b**3 - 2 + 3/4*b**4 + 1/2*b**2. What is the units digit of y(1)?
3
Let x = 11 - 6. Suppose x - 1 = n. What is the units digit of n?
4
Suppose -2*x = 2*m - 12, 0 = -2*m + 3 + 5. Suppose 3*s = x*z - 39, -5*s = z - 0*z + 13. What is the units digit of z?
2
Let i = 42 - 26. Let o = 0 + i. What is the tens digit of o?
1
Let u be (-1 - -6)*(-26)/(-10). Suppose -4*m + u + 11 = 0. What is the units digit of m?
6
Let n(s) = s**3 + s**2 + 2. Let k be n(0). Suppose 5*j - 14 = -5*g + k*g, -j = -1. What is the units digit of g?
3
Let z(x) = -x - 3. Let j be z(-5). Suppose -j*r = -r - 4. Let a = 7 - r. What is the units digit of a?
3
Let s(i) = -i**3 - 5*i**2 + 4*i - 7. Let y be s(-6). Suppose y*f = -4*g + 11, f + 0*f + 4*g + 1 = 0. What is the units digit of f?
3
Let q(r) = -4*r**3 - 3*r**2 + 5*r + 5. Let i(s) = -2*s**3 - 2*s**2 + 3*s + 3. Let d(x) = 5*i(x) - 3*q(x). Let b = 4 - 3. What is the units digit of d(b)?
1
Let n(m) be the first derivative of m**2 + 3. What is the units digit of n(1)?
2
Suppose h = 4, 3*c + 0*h + 4*h - 16 = 0. Let d(i) = -2*i - 2. Let a be d(2). Let s = c - a. What is the units digit of s?
6
Let x be (-2)/(-6)*-3 - -133. Suppose -l = 3*l - x. What is the tens digit of l?
3
Let r(t) = -t**2 + 8*t + 2. Suppose 4*q - 8 = 24. What is the units digit of r(q)?
2
Let v be ((-1)/3)/((-2)/12). Suppose -5*a - 6*b + 115 = -2*b, v*b + 47 = 3*a. What is the units digit of a?
9
Let d(f) be the second derivative of f**4/6 - f**3/2 - 5*f**2/2 + f. What is the units digit of d(4)?
5
Suppose 2*t = -46 + 258. What is the hundreds digit of t?
1
Let u = 6 + -2. Suppose 0 + u = o. What is the units digit of o?
4
Let j(u) = 4*u**2 - u - 2. What is the units digit of j(2)?
2
Suppose -5*p = -30 - 15. What is the units digit of p?
9
Let z = 6 + -7. Let o = z - -7. What is the units digit of o?
6
Suppose -g + 20 + 6 = -3*v, -74 = -4*g + 2*v. What is the tens digit of g?
1
What is the tens digit of -4 - (0 + -3 + -66)?
6
Let i = -5 - -7. Let z(m) = 8*m**2 - 3*m + 1. What is the units digit of z(i)?
7
Suppose -m + 2*u - 6 = 0, -2*u + 10 = m - 0. What is the tens digit of m + (32 - 0) + 4?
3
Let s(z) = -2*z**2 + 3*z - 3. Let i(b) = b**2 - 3*b + 3. Let q(v) = 3*i(v) + 2*s(v). Let t be q(-3). Suppose -8 + 59 = t*h. What is the tens digit of h?
1
Let z = 18 - 10. Suppose 0 = 4*a - 0*a - z. What is the units digit of 1 - (-10 + a) - -3?
2
Let k(i) = 2*i**2 + 1. Let o = 3 + -2. Let f be k(o). Suppose 0 = 3*l + 4*g + 1, 0 = -4*l - g - f*g. What is the units digit of l?
1
Let z = 0 + 7. Let h = z - -3. What is the units digit of h?
0
Let r be 1 + (3 - 2 - 2). Let n = 5 - r. What is the units digit of n?
5
Let x = 10 - 5. Suppose -2*o + 32 = -x*m, 2*m - 8 + 25 = o. What is the units digit of o?
1
Suppose -5*a + 3*h = -2*a - 162, h = -2*a + 96. Let z = 17 + -12. Suppose -b = -6*b + z*o + a, -4*o = 3*b - 9. What is the units digit of b?
7
Let a(k) = 284*k**2 - k + 2. What is the tens digit of a(1)?
8
Suppose -4*u - u + 25 = 0. Suppose 47 = u*b + 17. What is the units digit of b?
6
Let k(p) = -5*p**3 - 6*p**2 - p + 1. Let i(h) = 6*h**3 + 6*h**2 - 2. Let l(z) = -4*i(z) - 5*k(z). What is the units digit of l(-5)?
3
Let z(s) = 14*s - 1. What is the units digit of z(9)?
5
Suppose 5*t = 2*a - 4*a + 6, 0 = -3*t - a + 4. Suppose 3*g - 40 = -5*s, t*s + 46 = 3*g + s. What is the tens digit of g?
1
Suppose 0*j = 5*j - 2*v - 521, 4*j + 3*v - 426 = 0. Suppose 21 = -4*g + j. Suppose 2*f - g = -f. What is the units digit of f?
7
Let h be ((-1)/(-2))/((-2)/4). Let z be (-1 - 0)*-8 - h. Let j = -1 + z. What is the units digit of j?
8
Let m be (-21)/(-2)*6/9. Suppose -2*v - 80 = -m*v. What is the tens digit of v?
1
What is the hundreds digit of 6/(-14) + 3282/14?
2
Let o = -12 - -21. Suppose o*x = 5*x + 152. What is the units digit of x?
8
Suppose -5*p + 21 = 4*l, 3 - 8 = -5*